(2/4*2). Let m = f - s. List the prime factors of m.
2, 3
Suppose 512 = -4*p - 2*s, -3*p - 5*s - 251 = 133. Let l = -125 - p. List the prime factors of l.
3
Suppose -2*k - 3*p = -5*k - 66, 3*p = -4*k - 74. Suppose 33 = 4*v - 99. Let i = v + k. What are the prime factors of i?
13
Let j(y) = 33*y**2 - 9*y + 10. Let m(l) = 16*l**2 - 4*l + 5. Let o(g) = -6*j(g) + 13*m(g). Suppose -24*f - 76 = -4. What are the prime factors of o(f)?
89
Let r(t) be the second derivative of 67*t**3/6 + 106*t**2 + 2*t + 15. What are the prime factors of r(24)?
2, 5, 7, 13
Let b = 1093 + 405. What are the prime factors of b?
2, 7, 107
Let v(l) = 294*l - 44. List the prime factors of v(21).
2, 5, 613
Suppose h + 29 = -2*a, 3*h = 5*a + h + 77. Let z be ((-66)/10)/1*a. Let v = 203 - z. What are the prime factors of v?
2, 13
Let g = -35 - -32. Let h be 3/g - 0 - (0 + 2). What are the prime factors of h + 0 - (1 + -15)?
11
Let x = 84 + -92. What are the prime factors of (x/(-2))/(-4)*(-5 - 362)?
367
Suppose 6*b - a - 29000 = 163304, -8 = -4*a. What are the prime factors of b?
32051
Suppose -3*p - 4175905 = -143*p + 2685355. List the prime factors of p.
49009
Let v = 18991 + -7111. List the prime factors of v.
2, 3, 5, 11
Let r = -319 + 325. List the prime factors of 4*r/8*6587/21.
941
Suppose 6*y + 3*k = 7*y - 7214, -3*y + 21626 = -5*k. List the prime factors of y.
2, 13, 277
Suppose 4*j = -2*r + 42, -3*j + 4*r = -4*j - 7. Suppose 10*z + 198 = j*z. Let o = z + -31. List the prime factors of o.
5, 7
Suppose -12*v + 78240 = -0*v. What are the prime factors of v?
2, 5, 163
Let x(r) = -59*r + 64. Suppose 4*n - 372 + 424 = 0. List the prime factors of x(n).
3, 277
Suppose -21*c + 31 = -116. Suppose -5*m - i = -1125, 2*m = c*i - 6*i + 457. What are the prime factors of m?
2, 113
Suppose s = -3*b - 95, -4*s = -2*b + 349 + 59. Let p = s - 8. Let k = 199 + p. List the prime factors of k.
2, 3, 5
Let k be (-27)/(-45) - ((-29931)/15 - -3). Suppose -22*h = -k - 10305. List the prime factors of h.
13, 43
Let l(b) = -b**3 + 46*b**2 - 121*b - 124. List the prime factors of l(22).
2, 5, 883
List the prime factors of (-335082)/(-132)*((-29)/(-1) + 3).
2, 5077
Let n(d) = 6*d**2 + 26*d - 6. Let w be n(8). Suppose 0 = -y + 5*a + w, 2*y + 2464 = 6*y + 4*a. What are the prime factors of y?
13, 47
Let y(i) = -i**2 + 9*i - 15. Let l be y(6). Suppose u + 2*f + 101 = -0*f, l*f = u + 106. Let c = 149 + u. What are the prime factors of c?
2, 23
Suppose 0 = -d - 2 - 3, 585 = 4*f - d. Let r = f + -160. What are the prime factors of 2*(r/(-6) - 1)?
3
Let s = 34722 - 24763. What are the prime factors of s?
23, 433
Let f = -1603 - -2340. Let k = f - 319. List the prime factors of k.
2, 11, 19
What are the prime factors of 5*(11 - 64449/(-55))?
2, 2957
Let g(f) = -14*f - 24. Let k be g(-3). Suppose 3*s - k = -3. Suppose -2*v - n = -211, 0*n - s = -n. List the prime factors of v.
103
Suppose -12*x - 22 = -17*x - 3*a, -x = a - 6. Suppose 230 = 5*t + x*d, -3*d = 5*t - 4*d - 215. List the prime factors of t.
2, 11
Let u(m) = -m**3 + 12*m**2 + 30*m + 24. Suppose -g + 3*i = -26, 3*g - 9*i - 22 = -14*i. List the prime factors of u(g).
2, 13
What are the prime factors of (-1926)/(-4)*16/24?
3, 107
Suppose 5*a + 35 = -b, 0 = -5*a + 3*b + 9 - 24. Let f(t) = -4*t**2 - 14 + t**2 - 12*t + 6*t**2. List the prime factors of f(a).
2, 83
Let a = -3334 - -14456. List the prime factors of a.
2, 67, 83
Let h(r) = 10*r**2 + 28*r - 71. Let p be h(-18). Suppose 5*b - 1595 = p. What are the prime factors of b?
2, 3, 71
Let b be (-4)/14 - (-2 + (-44696)/28). List the prime factors of (-48)/(-32) - b/(-4).
401
Let m(w) = -1484*w + 9856. List the prime factors of m(6).
2, 7, 17
Suppose 0 = 32*p - 808 - 3128. Let d = p + 364. List the prime factors of d.
487
Suppose -95*j - 10960 = -105*j. List the prime factors of j.
2, 137
List the prime factors of 3298*((150/(-35))/(-15))/(3/21).
2, 17, 97
Let c(r) = 37*r - 77. Suppose -2*u - 45 = -5*y + 3*u, 2*u = 4*y - 36. List the prime factors of c(y).
2
Suppose -5*l - 5*a - 13119 = -8*l, -5*l - 2*a + 21865 = 0. What are the prime factors of l?
4373
Let b be 1/(-4) + 818/8. Let r be 1/(-4)*(-25 + 5). Suppose 0 = 4*s - i - 140 - b, -3*s + 173 = -r*i. What are the prime factors of s?
61
Let q be 1/(5/33120) - -2. Suppose -3*o - n + 3994 = 3*n, 0 = -5*o + n + q. List the prime factors of o.
2, 3, 13, 17
Let j(s) = 36 + 1 + 20*s - 7. Let z be j(-3). Let y = z + 94. List the prime factors of y.
2
Let m(p) = 114*p - 49*p - 54*p - 58. Let l be m(6). Suppose l*f = 5*f + 624. What are the prime factors of f?
2, 13
Suppose 654*p - 648*p - 121194 = 0. List the prime factors of p.
3, 6733
Suppose -102*s + 83*s + 6498 = 0. Let w = s + -122. What are the prime factors of w?
2, 5, 11
Suppose 0 = 5*y - 3*g - 9448, 37*y - 35*y = -4*g + 3774. Let o = y + -1283. List the prime factors of o.
2, 3, 101
Suppose 4*j - 243209 = -5*x, 25*x = 26*x + j - 48643. List the prime factors of x.
17, 2861
Let x(f) = -f**3 - 7*f**2 + 5*f - 10. Let r be x(-8). Suppose -r*d + 2110 = -9*d. What are the prime factors of d?
2, 211
Let p(u) = 1940*u**2 + 4*u + 8. List the prime factors of p(2).
2, 3
Let m = -23 + 22. Let a be 255 - ((3 - 0) + -6)/m. Suppose 12*f - 8*f - a = 0. List the prime factors of f.
3, 7
Suppose 7*j - 2300 = 9873. Suppose 19499 - j = 24*w. What are the prime factors of w?
2, 5, 37
Let t be 12158/8 - (-5)/60*3. Let w = -727 + t. List the prime factors of w.
13, 61
Suppose -h + 2 + 1 = 0. Suppose 0 = -0*i + h*i + 5*m - 7, 3*m - 1 = -i. Suppose -i*a = -2*y + 3*y - 399, 4*a - 390 = 2*y. What are the prime factors of a?
3, 11
Let w(z) be the second derivative of z**4/6 - 3*z**3/2 - 5*z**2/2 - 14*z. Let r be w(5). Let t(x) = x**3 + 68. List the prime factors of t(r).
2, 17
Let l be 75/(-6)*4108/(-65). Suppose 5*q - 3*t - l = 1296, -5*q + 5*t + 2080 = 0. What are the prime factors of q?
419
Suppose 2*o - 345 - 27127 = 0. What are the prime factors of o?
2, 17, 101
Let t(i) be the second derivative of i**5/10 + 53*i**4/12 - 13*i**3/3 - 7*i**2/2 + 84*i - 1. What are the prime factors of t(-26)?
5, 269
Suppose -47*g + 53*g = 8256. Suppose 19*f = 4*q + 17*f - g, -3*f - 1718 = -5*q. List the prime factors of q.
2, 173
Suppose 20*n + 309940 = -14*n + 44*n. What are the prime factors of n?
2, 15497
Let f(u) = -11*u**3 - 70*u**2 - 50*u - 8. What are the prime factors of f(-13)?
12979
Let g(u) = 320*u**3 + u**2 - 1. Suppose 5 = -4*n + 17, -3*a - 4*n = -15. What are the prime factors of g(a)?
2, 5
Suppose s + 6 = 24. Let k be s/1*(0 + 10/6). Suppose 9*f - k = 3*f. What are the prime factors of f?
5
Suppose -2*l - 5*d + 984 = -d, -2*l - 3*d + 982 = 0. Suppose -11*r + 3*r = -l. List the prime factors of r.
61
Suppose -114*x + 119*x - 1885 = 0. Let y = x - 221. List the prime factors of y.
2, 3, 13
Suppose 66*p - 67*p + 3 = 0. Let n be (-1)/((p/(-1074))/(3/6)). Let d = -72 + n. List the prime factors of d.
107
Let d = -13248 - -34470. What are the prime factors of d?
2, 3, 131
Suppose 17*i - 6*i - 1496 = 0. Let g = -224 + i. Let t = 150 + g. List the prime factors of t.
2, 31
Let p(h) be the third derivative of 53*h**4/24 - 5*h**3/3 - 95*h**2. Suppose -d + 13 = 2*u, 3*d + 0*u - 24 = -3*u. List the prime factors of p(d).
149
Suppose m + 4*v - 10710 = 0, m - 80*v + 85*v = 10705. What are the prime factors of m?
2, 5, 29, 37
Let o(i) = -i**3 - 4*i**2 + i - 20. Let v be o(-5). Suppose 4*p = 3*q + 117, 137 = -v*p + 4*p + q. Suppose -d + 89 = p. List the prime factors of d.
2, 7
Let q(f) = 2*f**2 + 5*f + 5. Let s be q(-1). Suppose -8*m + 98 = -6*m - s*t, 245 = 5*m + t. List the prime factors of m.
7
Suppose -4*z = -17 + 1. Let q be ((-10)/(-8))/(-5) + 501/z. Suppose q = p + 19. List the prime factors of p.
2, 53
Let i(p) = 41*p + 455. What are the prime factors of i(6)?
701
Let w be 2007/21 - (-8)/(-14). Suppose -2*s = -7*s - w. Let x = s - -175. List the prime factors of x.
2, 3, 13
Suppose 105 = -2*g - 45. Suppose 3955 + 2317 = 28*y. Let x = y + g. List the prime factors of x.
149
Let k(z) = 2828*z + 2129. What are the prime factors of k(6)?
13, 113
List the prime factors of 11/(-2 - (-7)/2 - 599241/399570).
5, 11, 701
Let s = 72 - -510. Suppose -1632 = -6*r + s. What are the prime factors of r?
3, 41
Suppose 3*z + 8425 = 6*z - 10